ded by 38.
37
Suppose k = -26 + 79. What is the remainder when k is divided by 27?
26
Let y be 1 + -2 - 48*-2. Let o(l) = -l**3 + 6*l**2 + 6*l. What is the remainder when o(6) is divided by y/15*3*1?
17
Suppose -5*h + 92 = 27. Let l = h - 6. Calculate the remainder when 13 is divided by l.
6
Let x(i) = 11*i. Let n be x(-5). Let p = n + 101. Suppose -z = -6*z + 60. What is the remainder when p is divided by z?
10
Let i = 24 - 8. Let h be (-2 - 0 - -2) + 93. Suppose 6*k = 4*k - p + h, -2*k - 2*p + 94 = 0. What is the remainder when k is divided by i?
14
Suppose -187 = -4*h + 2*y - 39, -3*y + 163 = 5*h. Let a = h - 16. Calculate the remainder when a is divided by 7.
5
Suppose -2*f + 2*d + 42 = 0, 4*d - 40 = -4*f + 28. What is the remainder when 54 is divided by f?
16
Suppose -26 - 26 = -4*g. Let z = g + -9. Suppose k = -2*m + 9, -z*m - 10 = -5*k - 35. What is the remainder when m is divided by 2?
1
Let j = -3 + 5. Suppose 0*w = j*w - 12. Calculate the remainder when 20/w*(-18)/(-15) is divided by 2.
0
Let y(f) = 22*f**2 + 2*f + 1. Let l be y(-1). Let d = l + -12. Calculate the remainder when 15 is divided by d.
6
Suppose -q = 3*p + 7 + 6, -5*p + 5*q = -5. Let a(c) = c**3 + 5*c**2 + 3*c + 3. Calculate the remainder when 47 is divided by a(p).
11
Suppose -3 = 2*x - 25. Let w(d) = 4*d**3 + d**2 - 3*d + 2. Calculate the remainder when x is divided by w(1).
3
Let v = 2 - -8. Suppose -2*s = 4 + 6. Let n = s + v. What is the remainder when 13 is divided by n?
3
Suppose 3*v - 160 = 3*s - 31, 2*v = 3*s + 85. Calculate the remainder when v is divided by 9.
8
Let i = -5 - -2. Let q(h) = -h**3 - h**2 + h - 4. Calculate the remainder when 30*1 - (-2 - 0) is divided by q(i).
10
Let m(j) = -j + 9. What is the remainder when 10 is divided by m(3)?
4
Let v(s) = s**3 - 9*s**2 + 8*s + 5. What is the remainder when v(8) is divided by 4?
1
Let n(s) = -6*s + 10. Calculate the remainder when n(-5) is divided by 21.
19
Suppose 3*d - 132 = 3*b + 156, -b = 0. Let j = 72 + -39. Calculate the remainder when d is divided by j.
30
Suppose 4*c - 2*c - 94 = t, -5*c - 3*t + 246 = 0. What is the remainder when c is divided by 17?
14
Suppose 3*c + 5 = 4*c. Suppose -a + c*a = 92. Let d = 25 - 13. What is the remainder when a is divided by d?
11
Suppose n + 3*w - 65 = -n, 33 = n + 2*w. What is the remainder when 59 is divided by n?
28
Let l(d) = -d**3 + 3*d**2 + 3. Calculate the remainder when 13 is divided by l(3).
1
Suppose -3*f + 101 = 17. What is the remainder when f is divided by 10?
8
Let b(v) = -26 + 3*v**2 + 26 - 5*v. What is the remainder when b(4) is divided by 10?
8
Let d(f) = 2*f**2 + 4*f + 2. Let w = 8 - 4. What is the remainder when d(w) is divided by 17?
16
Let a = 7 + 30. What is the remainder when a is divided by (-3 - 0)/((-39)/130)?
7
Let u = -41 - -29. What is the remainder when 19 is divided by 20/u*1*-6?
9
Suppose -3*v - 99 = -12*v. What is the remainder when 50 is divided by v?
6
Suppose -1 = -3*a - 25. Let z(c) = -3*c - 11. Calculate the remainder when ((-10)/(-2))/((-2)/(-10)) is divided by z(a).
12
Let w(c) = c**2 - 4*c + 12. What is the remainder when w(3) is divided by 7?
2
Let z = -4 - -9. Let l be ((-46)/5)/(z/(-25)). Suppose 0 = 2*q - q - l. Calculate the remainder when q is divided by 16.
14
Let i = 0 + 12. What is the remainder when 21 is divided by i?
9
What is the remainder when 33 + -2 - (4 + -5) is divided by 9?
5
Let v be -2 + (-4 + 1)*-1. Let g be v*(0/3 + -1). What is the remainder when 49 is divided by g/(32/34 + -1)?
15
Let g = 159 - 25. Let i = -81 + g. What is the remainder when i is divided by ((-18)/8)/((-1)/8)?
17
Suppose -5*u - 2*a + 50 = a, -3*u = 5*a - 14. Calculate the remainder when 23 is divided by u.
10
Let k(i) = -i**3 + 4*i**2 + 3*i + 5. Let v be k(4). Let b = 1 + v. What is the remainder when 69 is divided by b?
15
Suppose -5*i + 0*i + 25 = 0. Suppose 0 = -i*r + 17 + 38. Let y = 6 + -2. Calculate the remainder when r is divided by y.
3
Suppose 0 = -5*v + 4 + 46. What is the remainder when 79 is divided by v?
9
Suppose -6 = -6*m + 4*m. Calculate the remainder when 22 is divided by 2/(m - 11/4).
6
Suppose -2*a - 3*z - 1 + 5 = 0, 2*z + 6 = 3*a. Let x(m) = 7*m**2 + 3*m. What is the remainder when x(a) is divided by 18?
16
Let a(n) = -n**2 + 6*n - 2. Calculate the remainder when 11 is divided by a(5).
2
Let s(f) = -2*f + 12. Calculate the remainder when s(3) is divided by 2.
0
Suppose 2*f - 5 = -3*p + 4*f, -2*p - 15 = -5*f. Let o = p + -6. Let q(d) = -15*d + 1. Calculate the remainder when 31 is divided by q(o).
15
Calculate the remainder when 476/8 + 3/(-2) is divided by 15.
13
Let p(b) be the third derivative of -17*b**6/120 - b**5/60 + b**3/6 + 3*b**2. What is the remainder when p(-1) is divided by 9?
8
Let q be -3*1*130/(-15). What is the remainder when 18/117 + 542/q is divided by 8?
5
Suppose -2*a - 362 = -6*a - 2*w, -3*w + 361 = 4*a. Let t = -11 - -34. What is the remainder when a is divided by t?
22
Let h(d) = -d**3 - 5*d**2 + 9*d - 6. Let p = 124 - 69. What is the remainder when p is divided by h(-7)?
26
Calculate the remainder when 142 is divided by (-295)/(-6) + (-10)/60.
44
Suppose -x = 5*i - 787, -3*x - 322 = -2*i - 7*x. Calculate the remainder when i is divided by 40.
37
Suppose -21*y + 25*y - 164 = 0. Suppose -5*l + 100 = -5*g, l = -2*l - 2*g + 65. Calculate the remainder when y is divided by l.
20
Suppose 5*c = -5*z + 45, 3*c + 5*z - 25 = 10. Suppose -5*g + 33 = m, -2*m + m + 3 = -c*g. Let j(u) = u + 4. Calculate the remainder when m is divided by j(6).
8
Suppose -3*k + 25 = 1. Calculate the remainder when 29 is divided by k.
5
Suppose -g + 4 = -3*y, -8 = 2*y - 7*y - 2*g. Let x = y + 4. What is the remainder when 10 is divided by x?
2
Suppose 2*l + 68 = 3*j + l, -2*l = -4*j + 94. What is the remainder when 39 is divided by j?
18
Let q(t) = 0*t**3 - 1 - 1 - t**3. Suppose z - 2 + 4 = 0. What is the remainder when 11 is divided by q(z)?
5
Let d be (-3)/(-18) - 29/(-6). Suppose -3*r + 33 = -5*n, d = 5*r + n - 22. Calculate the remainder when -3*(1 + (-26)/6) is divided by r.
4
Suppose -78 = -x - 0*x. What is the remainder when 37 is divided by (-7)/(-28) - x/(-8)?
7
Let r(j) = j**2 - 2. Let f(q) = -4*q - 1. What is the remainder when f(-5) is divided by r(3)?
5
Let g = -12 - -17. Suppose -5*b - g*i + 4*i = -47, 0 = 2*b + i - 17. Let s = 14 + -8. What is the remainder when b is divided by s?
4
Let y = 31 + -14. Let x be (0 - -1) + (-117 - 1). Let v = 166 + x. Calculate the remainder when v is divided by y.
15
Suppose -3*v + 24 = 9. What is the remainder when (-1188)/(-30) - 3/v is divided by 14?
11
Suppose 2*v - 4*v = -24. Let o(t) = 42*t + 3. Calculate the remainder when o(1) is divided by v.
9
Let n(t) = -t**2 - 6*t + 1. Suppose l = -3*l - h - 22, -l - 5*h - 15 = 0. Let r = l - -7. What is the remainder when r is divided by n(-6)?
0
Suppose -5*o = o - 240. Calculate the remainder when 156 is divided by o.
36
Suppose 2*l + 80 = 118. Let j(w) = w**3 - 5*w**2 - 5*w + 5. Calculate the remainder when l is divided by j(6).
8
Let d(n) = 0 + n**3 - n + 4 - 3*n. Let j be d(4). Suppose -2*u - 2*u = -j. Calculate the remainder when 37 is divided by u.
11
Let k = -19 + 40. What is the remainder when 39 is divided by k?
18
Suppose -3*r + 60 = 12. Let y = r - 8. Let f = 21 - y. What is the remainder when 24 is divided by f?
11
Suppose 0*a + a = 57. Calculate the remainder when a is divided by 15.
12
Let o = -23 - -32. Suppose h - 4*h = 5*w - 16, 0 = -2*w + 3*h + 19. Suppose w*i = 30 - 5. Calculate the remainder when o is divided by i.
4
Let j(r) = -4*r**3. Let w = 3 + -4. What is the remainder when 7 is divided by j(w)?
3
Let p(w) = -32*w**3 - 2*w - 1. Let t(r) = -r**3 + 13*r**2 - 11*r. Calculate the remainder when p(-1) is divided by t(12).
9
What is the remainder when 38 is divided by (6 + -5)*1*13?
12
Suppose 2*d + 150 = -4*d. Let n = 22 - d. Calculate the remainder when n is divided by 25.
22
Suppose -53 = h - 4*h - c, -4*c = -3*h + 58. Let l(t) = t - 9. Let m be l(6). Let n = h - m. Calculate the remainder when 61 is divided by n.
19
Suppose -5*k = 2*u - 7, 0*k + 2*k - 4*u + 2 = 0. What is the remainder when 2/4*58/k is divided by 10?
9
What is the remainder when (-3)/(-1 - (-92)/104) is divided by 9?
8
Let u = 6 - 1. Supp